[INFO] cloning repository https://github.com/dschneider/rust-web-service
[INFO] running `Command { std: "git" "-c" "credential.helper=" "-c" "credential.helper=/workspace/cargo-home/bin/git-credential-null" "clone" "--bare" "https://github.com/dschneider/rust-web-service" "/workspace/cache/git-repos/https%3A%2F%2Fgithub.com%2Fdschneider%2Frust-web-service", kill_on_drop: false }`
[INFO] [stderr] Cloning into bare repository '/workspace/cache/git-repos/https%3A%2F%2Fgithub.com%2Fdschneider%2Frust-web-service'...
[INFO] running `Command { std: "git" "rev-parse" "HEAD", kill_on_drop: false }`
[INFO] [stdout] 855b2355f32520cb7228932e5c39cf0ef145c8d6
[INFO] checking dschneider/rust-web-service against master#af3c6e733a40e671550e0f0f5aeecaa13772ba56 for pr-74989
[INFO] running `Command { std: "git" "clone" "/workspace/cache/git-repos/https%3A%2F%2Fgithub.com%2Fdschneider%2Frust-web-service" "/workspace/builds/worker-2/source", kill_on_drop: false }`
[INFO] [stderr] Cloning into '/workspace/builds/worker-2/source'...
[INFO] [stderr] done.
[INFO] validating manifest of git repo https://github.com/dschneider/rust-web-service on toolchain af3c6e733a40e671550e0f0f5aeecaa13772ba56
[INFO] running `Command { std: "/workspace/cargo-home/bin/cargo" "+af3c6e733a40e671550e0f0f5aeecaa13772ba56" "read-manifest" "--manifest-path" "Cargo.toml", kill_on_drop: false }`
[INFO] started tweaking git repo https://github.com/dschneider/rust-web-service
[INFO] finished tweaking git repo https://github.com/dschneider/rust-web-service
[INFO] tweaked toml for git repo https://github.com/dschneider/rust-web-service written to /workspace/builds/worker-2/source/Cargo.toml
[INFO] crate git repo https://github.com/dschneider/rust-web-service already has a lockfile, it will not be regenerated
[INFO] running `Command { std: "/workspace/cargo-home/bin/cargo" "+af3c6e733a40e671550e0f0f5aeecaa13772ba56" "fetch" "--locked" "--manifest-path" "Cargo.toml", kill_on_drop: false }`
[INFO] [stderr]     Blocking waiting for file lock on package cache
[INFO] [stderr] error: the lock file /workspace/builds/worker-2/source/Cargo.lock needs to be updated but --locked was passed to prevent this
[INFO] [stderr] If you want to try to generate the lock file without accessing the network, use the --offline flag.
[INFO] the lockfile is outdated, regenerating it
[INFO] running `Command { std: "/workspace/cargo-home/bin/cargo" "+af3c6e733a40e671550e0f0f5aeecaa13772ba56" "generate-lockfile" "--manifest-path" "Cargo.toml" "-Zno-index-update", kill_on_drop: false }`
[INFO] [stderr]     Blocking waiting for file lock on package cache
[INFO] [stderr]     Updating git repository `https://github.com/iron/router.git`
[INFO] [stderr]     Updating git repository `https://github.com/iron/iron`
[INFO] running `Command { std: "/workspace/cargo-home/bin/cargo" "+af3c6e733a40e671550e0f0f5aeecaa13772ba56" "fetch" "--locked" "--manifest-path" "Cargo.toml", kill_on_drop: false }`
[INFO] [stderr]     Blocking waiting for file lock on package cache
[INFO] running `Command { std: "docker" "create" "-v" "/var/lib/crater-agent-workspace/builds/worker-2/target:/opt/rustwide/target:rw,Z" "-v" "/var/lib/crater-agent-workspace/builds/worker-2/source:/opt/rustwide/workdir:ro,Z" "-v" "/var/lib/crater-agent-workspace/cargo-home:/opt/rustwide/cargo-home:ro,Z" "-v" "/var/lib/crater-agent-workspace/rustup-home:/opt/rustwide/rustup-home:ro,Z" "-e" "SOURCE_DIR=/opt/rustwide/workdir" "-e" "CARGO_TARGET_DIR=/opt/rustwide/target" "-e" "CARGO_HOME=/opt/rustwide/cargo-home" "-e" "RUSTUP_HOME=/opt/rustwide/rustup-home" "-w" "/opt/rustwide/workdir" "-m" "1610612736" "--user" "0:0" "--network" "none" "rustops/crates-build-env@sha256:d92eaeed33fa75130ca1ee6c8a01d1ffb62bac859dfdfb3450e3e5d1c0146529" "/opt/rustwide/cargo-home/bin/cargo" "+af3c6e733a40e671550e0f0f5aeecaa13772ba56" "metadata" "--no-deps" "--format-version=1", kill_on_drop: false }`
[INFO] [stdout] b8c8daa1345ed4f8f79aa98ae29bf34d985502c54572bd5ac2b7347fe1de36f7
[INFO] [stderr] WARNING: Your kernel does not support swap limit capabilities or the cgroup is not mounted. Memory limited without swap.
[INFO] running `Command { std: "docker" "start" "-a" "b8c8daa1345ed4f8f79aa98ae29bf34d985502c54572bd5ac2b7347fe1de36f7", kill_on_drop: false }`
[INFO] running `Command { std: "docker" "inspect" "b8c8daa1345ed4f8f79aa98ae29bf34d985502c54572bd5ac2b7347fe1de36f7", kill_on_drop: false }`
[INFO] running `Command { std: "docker" "rm" "-f" "b8c8daa1345ed4f8f79aa98ae29bf34d985502c54572bd5ac2b7347fe1de36f7", kill_on_drop: false }`
[INFO] [stdout] b8c8daa1345ed4f8f79aa98ae29bf34d985502c54572bd5ac2b7347fe1de36f7
[INFO] running `Command { std: "docker" "create" "-v" "/var/lib/crater-agent-workspace/builds/worker-2/target:/opt/rustwide/target:rw,Z" "-v" "/var/lib/crater-agent-workspace/builds/worker-2/source:/opt/rustwide/workdir:ro,Z" "-v" "/var/lib/crater-agent-workspace/cargo-home:/opt/rustwide/cargo-home:ro,Z" "-v" "/var/lib/crater-agent-workspace/rustup-home:/opt/rustwide/rustup-home:ro,Z" "-e" "SOURCE_DIR=/opt/rustwide/workdir" "-e" "CARGO_TARGET_DIR=/opt/rustwide/target" "-e" "CARGO_INCREMENTAL=0" "-e" "RUST_BACKTRACE=full" "-e" "RUSTFLAGS=--cap-lints=forbid" "-e" "CARGO_HOME=/opt/rustwide/cargo-home" "-e" "RUSTUP_HOME=/opt/rustwide/rustup-home" "-w" "/opt/rustwide/workdir" "-m" "1610612736" "--user" "0:0" "--network" "none" "rustops/crates-build-env@sha256:d92eaeed33fa75130ca1ee6c8a01d1ffb62bac859dfdfb3450e3e5d1c0146529" "/opt/rustwide/cargo-home/bin/cargo" "+af3c6e733a40e671550e0f0f5aeecaa13772ba56" "check" "--frozen" "--all" "--all-targets" "--message-format=json", kill_on_drop: false }`
[INFO] [stdout] 8eacbf321b17a9aeedee25f506ab5c59d34f0e7eeecaa1ce22dd81eccaf3402a
[INFO] [stderr] WARNING: Your kernel does not support swap limit capabilities or the cgroup is not mounted. Memory limited without swap.
[INFO] running `Command { std: "docker" "start" "-a" "8eacbf321b17a9aeedee25f506ab5c59d34f0e7eeecaa1ce22dd81eccaf3402a", kill_on_drop: false }`
[INFO] [stderr]    Compiling libc v0.2.77
[INFO] [stderr]    Compiling log v0.4.11
[INFO] [stderr]     Checking futures v0.1.29
[INFO] [stderr]    Compiling rand_core v0.4.2
[INFO] [stderr]    Compiling autocfg v0.1.7
[INFO] [stderr]     Checking either v1.6.0
[INFO] [stderr]     Checking slab v0.4.2
[INFO] [stderr]    Compiling version_check v0.9.2
[INFO] [stderr]     Checking tinyvec v0.3.4
[INFO] [stderr]     Checking traitobject v0.1.0
[INFO] [stderr]    Compiling httparse v1.3.4
[INFO] [stderr]     Checking itoa v0.4.6
[INFO] [stderr]     Checking hashbrown v0.9.0
[INFO] [stderr]     Checking try-lock v0.2.3
[INFO] [stderr]     Checking safemem v0.3.3
[INFO] [stderr]     Checking mime v0.3.16
[INFO] [stderr]     Checking modifier v0.1.0
[INFO] [stderr]     Checking typeable v0.1.2
[INFO] [stderr]     Checking language-tags v0.2.2
[INFO] [stderr]     Checking route-recognizer v0.1.13
[INFO] [stderr]     Checking rustc-serialize v0.3.24
[INFO] [stderr]    Compiling indexmap v1.6.0
[INFO] [stderr]     Checking unsafe-any v0.4.2
[INFO] [stderr]    Compiling rand_core v0.3.1
[INFO] [stderr]    Compiling rand_jitter v0.1.4
[INFO] [stderr]     Checking unicode-normalization v0.1.13
[INFO] [stderr]     Checking base64 v0.9.3
[INFO] [stderr]    Compiling rand_hc v0.1.0
[INFO] [stderr]    Compiling rand_isaac v0.1.1
[INFO] [stderr]    Compiling rand_xorshift v0.1.1
[INFO] [stderr]     Checking typemap v0.3.3
[INFO] [stderr]    Compiling hyper v0.12.35
[INFO] [stderr]     Checking plugin v0.2.6
[INFO] [stderr]    Compiling phf_shared v0.7.24
[INFO] [stderr]     Checking log v0.3.9
[INFO] [stderr]    Compiling phf v0.7.24
[INFO] [stderr]    Compiling rand_pcg v0.1.2
[INFO] [stderr]    Compiling rand_chacha v0.1.1
[INFO] [stderr]    Compiling rand v0.6.5
[INFO] [stderr]     Checking mime v0.2.6
[INFO] [stderr]    Compiling unicase v2.6.0
[INFO] [stderr]    Compiling mime_guess v2.0.3
[INFO] [stderr]     Checking idna v0.1.5
[INFO] [stderr]     Checking iovec v0.1.4
[INFO] [stderr]     Checking num_cpus v1.13.0
[INFO] [stderr]     Checking parking_lot_core v0.6.2
[INFO] [stderr]     Checking net2 v0.2.35
[INFO] [stderr]     Checking time v0.1.44
[INFO] [stderr]     Checking bytes v0.4.12
[INFO] [stderr]     Checking mio v0.6.22
[INFO] [stderr]    Compiling rand_os v0.1.3
[INFO] [stderr]     Checking tokio-executor v0.1.10
[INFO] [stderr]     Checking tokio-sync v0.1.8
[INFO] [stderr]     Checking futures-cpupool v0.1.8
[INFO] [stderr]     Checking want v0.2.0
[INFO] [stderr]     Checking parking_lot v0.9.0
[INFO] [stderr]     Checking tokio-current-thread v0.1.7
[INFO] [stderr]     Checking tokio-timer v0.2.13
[INFO] [stderr]     Checking tokio-threadpool v0.1.18
[INFO] [stderr]     Checking url v1.7.2
[INFO] [stderr]     Checking tokio-io v0.1.13
[INFO] [stderr]     Checking http v0.1.21
[INFO] [stderr]     Checking tokio-buf v0.1.1
[INFO] [stderr]     Checking string v0.2.1
[INFO] [stderr]     Checking tokio-reactor v0.1.12
[INFO] [stderr]    Compiling phf_generator v0.7.24
[INFO] [stderr]     Checking hyper v0.10.16
[INFO] [stderr]     Checking tokio v0.1.22
[INFO] [stderr]     Checking tokio-tcp v0.1.4
[INFO] [stderr]    Compiling phf_codegen v0.7.24
[INFO] [stderr]    Compiling mime_guess v1.8.8
[INFO] [stderr]     Checking http-body v0.1.0
[INFO] [stderr]     Checking h2 v0.1.26
[INFO] [stderr]     Checking iron v0.6.1
[INFO] [stderr]     Checking iron v0.6.0 (https://github.com/iron/iron?branch=master#e38695bf)
[INFO] [stderr]     Checking router v0.7.0-pre1 (https://github.com/iron/router.git#ec2c7890)
[INFO] [stderr]     Checking test v0.1.0 (/opt/rustwide/workdir)
[INFO] [stdout] warning: unused import: `std::net::SocketAddr`
[INFO] [stdout]  --> src/main.rs:4:5
[INFO] [stdout]   |
[INFO] [stdout] 4 | use std::net::SocketAddr;
[INFO] [stdout]   |     ^^^^^^^^^^^^^^^^^^^^
[INFO] [stdout]   |
[INFO] [stdout]   = note: `#[warn(unused_imports)]` on by default
[INFO] [stdout] 
[INFO] [stdout] 
[INFO] [stdout] warning: unused import: `std::str::FromStr`
[INFO] [stdout]  --> src/main.rs:5:5
[INFO] [stdout]   |
[INFO] [stdout] 5 | use std::str::FromStr;
[INFO] [stdout]   |     ^^^^^^^^^^^^^^^^^
[INFO] [stdout] 
[INFO] [stdout] 
[INFO] [stdout] error[E0061]: this function takes 3 arguments but 2 arguments were supplied
[INFO] [stdout]   --> src/main.rs:25:10
[INFO] [stdout]    |
[INFO] [stdout] 25 |   router.get("/api/health", health_handler);
[INFO] [stdout]    |          ^^^ -------------  -------------- supplied 2 arguments
[INFO] [stdout]    |          |
[INFO] [stdout]    |          expected 3 arguments
[INFO] [stdout] 
[INFO] [stdout] 
[INFO] [stdout] warning: unused import: `std::net::SocketAddr`
[INFO] [stdout]  --> src/main.rs:4:5
[INFO] [stdout]   |
[INFO] [stdout] 4 | use std::net::SocketAddr;
[INFO] [stdout]   |     ^^^^^^^^^^^^^^^^^^^^
[INFO] [stdout]   |
[INFO] [stdout]   = note: `#[warn(unused_imports)]` on by default
[INFO] [stdout] 
[INFO] [stdout] 
[INFO] [stdout] warning: unused import: `std::str::FromStr`
[INFO] [stdout]  --> src/main.rs:5:5
[INFO] [stdout]   |
[INFO] [stdout] 5 | use std::str::FromStr;
[INFO] [stdout]   |     ^^^^^^^^^^^^^^^^^
[INFO] [stdout] 
[INFO] [stdout] 
[INFO] [stdout] error[E0061]: this function takes 3 arguments but 2 arguments were supplied
[INFO] [stdout]   --> src/main.rs:25:10
[INFO] [stdout]    |
[INFO] [stdout] 25 |   router.get("/api/health", health_handler);
[INFO] [stdout]    |          ^^^ -------------  -------------- supplied 2 arguments
[INFO] [stdout]    |          |
[INFO] [stdout]    |          expected 3 arguments
[INFO] [stdout] 
[INFO] [stdout] 
[INFO] [stdout] error[E0277]: expected a `Fn<(&mut Request<'_, '_>,)>` closure, found `Router`
[INFO] [stdout]   --> src/main.rs:29:23
[INFO] [stdout]    |
[INFO] [stdout] 29 |       match Iron::new(router).http(&*format!("0.0.0.0:{}", port_num)) {
[INFO] [stdout]    |                       ^^^^^^ expected an `Fn<(&mut Request<'_, '_>,)>` closure, found `Router`
[INFO] [stdout]    |
[INFO] [stdout]    = help: the trait `for<'r, 's, 't0> Fn<(&'r mut Request<'s, 't0>,)>` is not implemented for `Router`
[INFO] [stdout]    = note: required because of the requirements on the impl of `Handler` for `Router`
[INFO] [stdout]    = note: required by `Iron::<H>::new`
[INFO] [stdout] 
[INFO] [stdout] 
[INFO] [stdout] error[E0599]: no method named `http` found for struct `Iron<Router>` in the current scope
[INFO] [stdout]   --> src/main.rs:29:31
[INFO] [stdout]    |
[INFO] [stdout] 29 |       match Iron::new(router).http(&*format!("0.0.0.0:{}", port_num)) {
[INFO] [stdout]    |                               ^^^^ method not found in `Iron<Router>`
[INFO] [stdout]    | 
[INFO] [stdout]   ::: /opt/rustwide/cargo-home/git/checkouts/router-673170cb1868e8d8/ec2c789/src/router.rs:26:1
[INFO] [stdout]    |
[INFO] [stdout] 26 | pub struct Router {
[INFO] [stdout]    | ----------------- doesn't satisfy `Router: Handler`
[INFO] [stdout]    |
[INFO] [stdout]    = note: the method `http` exists but the following trait bounds were not satisfied:
[INFO] [stdout]            `Router: Handler`
[INFO] [stdout] 
[INFO] [stdout] 
[INFO] [stdout] error: aborting due to 3 previous errors; 2 warnings emitted
[INFO] [stdout] 
[INFO] [stdout] 
[INFO] [stdout] Some errors have detailed explanations: E0061, E0277, E0599.
[INFO] [stdout] 
[INFO] [stdout] For more information about an error, try `rustc --explain E0061`.
[INFO] [stdout] 
[INFO] [stderr] error: could not compile `test`.
[INFO] [stderr] 
[INFO] [stderr] To learn more, run the command again with --verbose.
[INFO] [stderr] warning: build failed, waiting for other jobs to finish...
[INFO] [stdout] error[E0277]: expected a `Fn<(&mut Request<'_, '_>,)>` closure, found `Router`
[INFO] [stdout]   --> src/main.rs:29:23
[INFO] [stdout]    |
[INFO] [stdout] 29 |       match Iron::new(router).http(&*format!("0.0.0.0:{}", port_num)) {
[INFO] [stdout]    |                       ^^^^^^ expected an `Fn<(&mut Request<'_, '_>,)>` closure, found `Router`
[INFO] [stdout]    |
[INFO] [stdout]    = help: the trait `for<'r, 's, 't0> Fn<(&'r mut Request<'s, 't0>,)>` is not implemented for `Router`
[INFO] [stdout]    = note: required because of the requirements on the impl of `Handler` for `Router`
[INFO] [stdout]    = note: required by `Iron::<H>::new`
[INFO] [stdout] 
[INFO] [stdout] 
[INFO] [stdout] error[E0599]: no method named `http` found for struct `Iron<Router>` in the current scope
[INFO] [stdout]   --> src/main.rs:29:31
[INFO] [stdout]    |
[INFO] [stdout] 29 |       match Iron::new(router).http(&*format!("0.0.0.0:{}", port_num)) {
[INFO] [stdout]    |                               ^^^^ method not found in `Iron<Router>`
[INFO] [stdout]    | 
[INFO] [stdout]   ::: /opt/rustwide/cargo-home/git/checkouts/router-673170cb1868e8d8/ec2c789/src/router.rs:26:1
[INFO] [stdout]    |
[INFO] [stdout] 26 | pub struct Router {
[INFO] [stdout]    | ----------------- doesn't satisfy `Router: Handler`
[INFO] [stdout]    |
[INFO] [stdout]    = note: the method `http` exists but the following trait bounds were not satisfied:
[INFO] [stdout]            `Router: Handler`
[INFO] [stdout] 
[INFO] [stdout] 
[INFO] [stdout] error: aborting due to 3 previous errors; 2 warnings emitted
[INFO] [stdout] 
[INFO] [stdout] 
[INFO] [stdout] Some errors have detailed explanations: E0061, E0277, E0599.
[INFO] [stdout] 
[INFO] [stdout] For more information about an error, try `rustc --explain E0061`.
[INFO] [stdout] 
[INFO] [stderr] error: build failed
[INFO] running `Command { std: "docker" "inspect" "8eacbf321b17a9aeedee25f506ab5c59d34f0e7eeecaa1ce22dd81eccaf3402a", kill_on_drop: false }`
[INFO] running `Command { std: "docker" "rm" "-f" "8eacbf321b17a9aeedee25f506ab5c59d34f0e7eeecaa1ce22dd81eccaf3402a", kill_on_drop: false }`
[INFO] [stdout] 8eacbf321b17a9aeedee25f506ab5c59d34f0e7eeecaa1ce22dd81eccaf3402a
